{"id":1878,"date":"2025-12-21T08:29:46","date_gmt":"2025-12-21T08:29:46","guid":{"rendered":"https:\/\/cinsiyetesitligipolitikalari.org\/yerelde-ilo-190\/?page_id=1878"},"modified":"2025-12-21T08:30:08","modified_gmt":"2025-12-21T08:30:08","slug":"politika-belgelerinin-uygulanmasini-izlemek-neden-onemli","status":"publish","type":"page","link":"https:\/\/cinsiyetesitligipolitikalari.org\/yerelde-ilo-190\/politika-belgelerinin-uygulanmasini-izlemek-neden-onemli\/","title":{"rendered":"Politika belgelerinin uygulanmas\u0131n\u0131 izlemek neden \u00f6nemli?"},"content":{"rendered":"[vc_row type=&#8221;full_width_background&#8221; full_screen_row_position=&#8221;middle&#8221; column_margin=&#8221;default&#8221; column_direction=&#8221;default&#8221; column_direction_tablet=&#8221;default&#8221; column_direction_phone=&#8221;default&#8221; scene_position=&#8221;center&#8221; top_padding=&#8221;4%&#8221; bottom_padding=&#8221;2%&#8221; text_color=&#8221;dark&#8221; text_align=&#8221;left&#8221; row_border_radius=&#8221;none&#8221; row_border_radius_applies=&#8221;bg&#8221; row_position_desktop=&#8221;default&#8221; row_position_tablet=&#8221;inherit&#8221; row_position_phone=&#8221;inherit&#8221; overflow=&#8221;visible&#8221; overlay_strength=&#8221;0.3&#8243; gradient_direction=&#8221;left_to_right&#8221; shape_divider_position=&#8221;bottom&#8221; bg_image_animation=&#8221;none&#8221; gradient_type=&#8221;default&#8221; shape_type=&#8221;&#8221;][vc_column column_padding=&#8221;padding-4-percent&#8221; column_padding_tablet=&#8221;inherit&#8221; column_padding_phone=&#8221;inherit&#8221; column_padding_position=&#8221;bottom&#8221; flex_gap_desktop=&#8221;10px&#8221; column_element_direction_desktop=&#8221;default&#8221; column_element_spacing=&#8221;default&#8221; desktop_text_alignment=&#8221;default&#8221; tablet_text_alignment=&#8221;default&#8221; phone_text_alignment=&#8221;default&#8221; background_color_opacity=&#8221;1&#8243; background_hover_color_opacity=&#8221;1&#8243; column_backdrop_filter=&#8221;none&#8221; column_shadow=&#8221;none&#8221; column_border_radius=&#8221;none&#8221; column_link_target=&#8221;_self&#8221; column_position=&#8221;default&#8221; gradient_direction=&#8221;left_to_right&#8221; overlay_strength=&#8221;0.3&#8243; width=&#8221;1\/1&#8243; tablet_width_inherit=&#8221;default&#8221; animation_type=&#8221;default&#8221; bg_image_animation=&#8221;none&#8221; border_type=&#8221;simple&#8221; column_border_width=&#8221;none&#8221; column_border_style=&#8221;solid&#8221;][vc_row_inner column_margin=&#8221;default&#8221; column_direction=&#8221;default&#8221; column_direction_tablet=&#8221;default&#8221; column_direction_phone=&#8221;default&#8221; text_align=&#8221;left&#8221; row_position=&#8221;default&#8221; row_position_tablet=&#8221;inherit&#8221; row_position_phone=&#8221;inherit&#8221; overflow=&#8221;visible&#8221; pointer_events=&#8221;all&#8221;][vc_column_inner column_padding=&#8221;no-extra-padding&#8221; column_padding_tablet=&#8221;inherit&#8221; column_padding_phone=&#8221;inherit&#8221; column_padding_position=&#8221;all&#8221; flex_gap_desktop=&#8221;10px&#8221; column_element_direction_desktop=&#8221;default&#8221; column_element_spacing=&#8221;default&#8221; desktop_text_alignment=&#8221;default&#8221; tablet_text_alignment=&#8221;default&#8221; phone_text_alignment=&#8221;default&#8221; background_color_opacity=&#8221;1&#8243; background_hover_color_opacity=&#8221;1&#8243; column_backdrop_filter=&#8221;none&#8221; column_shadow=&#8221;none&#8221; column_border_radius=&#8221;none&#8221; column_link_target=&#8221;_self&#8221; overflow=&#8221;visible&#8221; gradient_direction=&#8221;left_to_right&#8221; overlay_strength=&#8221;0.3&#8243; width=&#8221;1\/6&#8243; tablet_width_inherit=&#8221;default&#8221; animation_type=&#8221;default&#8221; enable_animation=&#8221;true&#8221; animation=&#8221;fade-in-from-bottom&#8221; animation_easing=&#8221;default&#8221; bg_image_animation=&#8221;none&#8221; border_type=&#8221;simple&#8221; column_border_width=&#8221;none&#8221; column_border_style=&#8221;solid&#8221; offset=&#8221;vc_hidden-sm vc_hidden-xs&#8221;][\/vc_column_inner][vc_column_inner column_padding=&#8221;no-extra-padding&#8221; column_padding_tablet=&#8221;inherit&#8221; column_padding_phone=&#8221;inherit&#8221; column_padding_position=&#8221;all&#8221; flex_gap_desktop=&#8221;10px&#8221; column_element_direction_desktop=&#8221;default&#8221; column_element_spacing=&#8221;default&#8221; centered_text=&#8221;true&#8221; desktop_text_alignment=&#8221;default&#8221; tablet_text_alignment=&#8221;default&#8221; phone_text_alignment=&#8221;default&#8221; background_color_opacity=&#8221;1&#8243; background_hover_color_opacity=&#8221;1&#8243; column_backdrop_filter=&#8221;none&#8221; column_shadow=&#8221;none&#8221; column_border_radius=&#8221;none&#8221; column_link_target=&#8221;_self&#8221; overflow=&#8221;visible&#8221; gradient_direction=&#8221;left_to_right&#8221; overlay_strength=&#8221;0.3&#8243; width=&#8221;2\/3&#8243; tablet_width_inherit=&#8221;default&#8221; animation_type=&#8221;default&#8221; enable_animation=&#8221;true&#8221; animation=&#8221;fade-in-from-bottom&#8221; animation_easing=&#8221;default&#8221; bg_image_animation=&#8221;none&#8221; border_type=&#8221;simple&#8221; column_border_width=&#8221;none&#8221; column_border_style=&#8221;solid&#8221; offset=&#8221;vc_col-xs-12&#8243;][vc_column_text css=&#8221;&#8221; text_direction=&#8221;default&#8221;]\n<h3><b>Politika belgelerinin uygulanmas\u0131n\u0131 izlemek neden \u00f6nemli?<\/b><\/h3>\n[\/vc_column_text][\/vc_column_inner][vc_column_inner column_padding=&#8221;no-extra-padding&#8221; column_padding_tablet=&#8221;inherit&#8221; column_padding_phone=&#8221;inherit&#8221; column_padding_position=&#8221;all&#8221; flex_gap_desktop=&#8221;10px&#8221; column_element_direction_desktop=&#8221;default&#8221; column_element_spacing=&#8221;default&#8221; desktop_text_alignment=&#8221;default&#8221; tablet_text_alignment=&#8221;default&#8221; phone_text_alignment=&#8221;default&#8221; background_color_opacity=&#8221;1&#8243; background_hover_color_opacity=&#8221;1&#8243; column_backdrop_filter=&#8221;none&#8221; column_shadow=&#8221;none&#8221; column_border_radius=&#8221;none&#8221; column_link_target=&#8221;_self&#8221; overflow=&#8221;visible&#8221; gradient_direction=&#8221;left_to_right&#8221; overlay_strength=&#8221;0.3&#8243; width=&#8221;1\/6&#8243; tablet_width_inherit=&#8221;default&#8221; animation_type=&#8221;default&#8221; bg_image_animation=&#8221;none&#8221; border_type=&#8221;simple&#8221; column_border_width=&#8221;none&#8221; column_border_style=&#8221;solid&#8221; offset=&#8221;vc_hidden-sm vc_hidden-xs&#8221;][\/vc_column_inner][\/vc_row_inner][\/vc_column][\/vc_row][vc_row type=&#8221;in_container&#8221; full_screen_row_position=&#8221;middle&#8221; column_margin=&#8221;default&#8221; column_direction=&#8221;default&#8221; column_direction_tablet=&#8221;default&#8221; column_direction_phone=&#8221;default&#8221; scene_position=&#8221;center&#8221; text_color=&#8221;dark&#8221; text_align=&#8221;left&#8221; row_border_radius=&#8221;none&#8221; row_border_radius_applies=&#8221;bg&#8221; row_position_desktop=&#8221;default&#8221; row_position_tablet=&#8221;inherit&#8221; row_position_phone=&#8221;inherit&#8221; overflow=&#8221;visible&#8221; overlay_strength=&#8221;0.3&#8243; gradient_direction=&#8221;left_to_right&#8221; shape_divider_position=&#8221;bottom&#8221; bg_image_animation=&#8221;none&#8221;][vc_column column_padding=&#8221;no-extra-padding&#8221; column_padding_tablet=&#8221;inherit&#8221; column_padding_phone=&#8221;inherit&#8221; column_padding_position=&#8221;all&#8221; flex_gap_desktop=&#8221;10px&#8221; column_element_direction_desktop=&#8221;default&#8221; column_element_spacing=&#8221;default&#8221; desktop_text_alignment=&#8221;default&#8221; tablet_text_alignment=&#8221;default&#8221; phone_text_alignment=&#8221;default&#8221; background_color_opacity=&#8221;1&#8243; background_hover_color_opacity=&#8221;1&#8243; column_backdrop_filter=&#8221;none&#8221; column_shadow=&#8221;none&#8221; column_border_radius=&#8221;none&#8221; column_link_target=&#8221;_self&#8221; column_position=&#8221;default&#8221; gradient_direction=&#8221;left_to_right&#8221; overlay_strength=&#8221;0.3&#8243; width=&#8221;1\/1&#8243; tablet_width_inherit=&#8221;default&#8221; animation_type=&#8221;default&#8221; bg_image_animation=&#8221;none&#8221; border_type=&#8221;simple&#8221; column_border_width=&#8221;none&#8221; column_border_style=&#8221;solid&#8221;][vc_column_text css=&#8221;&#8221; text_direction=&#8221;default&#8221;]<span style=\"font-weight: 400;\">Bu \u00e7al\u0131\u015fman\u0131n temel amac\u0131 \u201c\u00e7al\u0131\u015fma ya\u015fam\u0131nda \u015fiddet ve tacizi \u00f6nlemek i\u00e7in bir politika belgesi imzaland\u0131ktan sonra ne olur?\u201d diye sormak ve sonras\u0131n\u0131n takibi i\u00e7in bir y\u00f6ntem olu\u015fturmaya \u00e7al\u0131\u015fmak. \u00c7ok \u00e7e\u015fitli sebeplerle belgelerin, y\u00f6netmeliklerin, yasalar\u0131n \u201cka\u011f\u0131t \u00fczerinde\u201d kalabildi\u011fi ko\u015fullarda ya\u015f\u0131yoruz. Kimi durumlarda politika belgelerinin fon veya kredi veren kurulu\u015flar\u0131n \u015fartlar\u0131n\u0131 kar\u015f\u0131lamak \u00fczere haz\u0131rlanmas\u0131, arkas\u0131nda \u00f6rg\u00fctl\u00fc bir toplumsal veya kurumsal g\u00fc\u00e7 olmad\u0131\u011f\u0131nda, bu riski artt\u0131r\u0131yor.\u00a0\u00a0<\/span><\/p>\n<p><span style=\"font-weight: 400;\">Bu gibi belgelerde \u00f6nemli taahh\u00fctler veriliyor, \u00f6rne\u011fin: \u201c\u00c7al\u0131\u015fma ya\u015fam\u0131nda \u015fiddet ve taciz fiillerini disiplin su\u00e7u olarak de\u011ferlendirmeyi, \u015fikayetlerde \u015fiddet ve tacize u\u011frayan\u0131n beyan\u0131n\u0131 esas almay\u0131; \u015fiddet ve taciz vakalar\u0131 kar\u015f\u0131s\u0131nda gizlilik ve mahremiyete \u00f6zen g\u00f6steren, tarafs\u0131z ve g\u00fcvenilir, \u00e7al\u0131\u015fanlar\u0131 misillemeye kar\u015f\u0131 koruyan etkin \u015fik\u00e2yet, y\u00f6nlendirme, destek ve telafi mekanizmalar\u0131 olu\u015fturmay\u0131; olu\u015fturulacak soru\u015fturma, y\u00f6nlendirme, destek mekanizmalar\u0131nda cinsiyet dengesini g\u00f6zetmeyi ve mekanizmalar i\u00e7erisinde g\u00f6rev alacak ki\u015filerin yeterli yetkinlikte olmalar\u0131n\u0131 sa\u011flamay\u0131, olas\u0131 soru\u015fturmay\u0131 \u015fik\u00e2yet sonras\u0131 en ge\u00e7 3(\u00fc\u00e7) ay i\u00e7inde sonu\u00e7land\u0131rmak i\u00e7in gerekli deste\u011fi sa\u011flamay\u0131; \u015fiddet ve tacize u\u011frayan \u00e7al\u0131\u015fanlara y\u00f6nelik uygun ve kolayla\u015ft\u0131r\u0131c\u0131 \u00e7al\u0131\u015fma ko\u015fullar\u0131n\u0131 ve d\u00fczenini tesis etmeyi; \u015fiddet ve tacizin bir i\u015f sa\u011fl\u0131\u011f\u0131 ve g\u00fcvenli\u011fi sorunu oldu\u011funu kabul ederek, ev i\u00e7i \u015fiddeti de g\u00f6zeten risk de\u011ferlendirmeleri yapmay\u0131, \u00f6nleme planlar\u0131 olu\u015fturmay\u0131; Politika Belgesi h\u00fck\u00fcmlerinin kurum k\u00fclt\u00fcr\u00fcne yans\u0131t\u0131lmas\u0131n\u0131 sa\u011flayarak kurumsal mekanizmalara entegre etmeyi kabul ve taahh\u00fct eder.\u201d\u00a0<\/span><\/p>\n<p><span style=\"font-weight: 400;\">Ama bu taahh\u00fctlerin yerine getirilip getirilmedi\u011finin takibini yapacak bir mekanizma bulunmuyor. S\u00f6z konusu politika belgesi, imzalad\u0131\u011f\u0131n\u0131 kamuoyuyla payla\u015fan pek \u00e7ok belediyenin web sitesinde eri\u015filebilir \u015fekilde yer alm\u0131yor. Politika belgesinin nas\u0131l hayata ge\u00e7irilece\u011fine, bahsedilen mekanizman\u0131n nas\u0131l kurulaca\u011f\u0131na dair ad\u0131mlar\u0131 tarifleyen bir y\u00f6nerge bulunmuyor. Dolay\u0131s\u0131yla belge, \u00f6nemli bir niyet beyan\u0131 olmas\u0131na ra\u011fmen soyut kal\u0131yor.<\/span><span style=\"font-weight: 400;\"> Bu taahh\u00fctlerin yerine getirilmesi i\u00e7in biz kad\u0131n \u00f6rg\u00fctlerinin, feministlerin elindeki \u00f6nemli imkanlardan biri d\u00fczenli olarak izleme yapmak, yani bir dizi somut soru sorarak (g\u00f6sterge seti) ve yan\u0131tlar\u0131n\u0131 raporlayarak iyi uygulamalar\u0131 ve eksiklikleri tespit etmek, bu \u015fekilde bunu bir m\u00fccadele alan\u0131 haline getirmek.<\/span> <span style=\"font-weight: 400;\">Biz de bu \u00e7al\u0131\u015fmada pilot olarak 3 belediyeyi &#8211; Antalya B\u00fcy\u00fck\u015fehir Belediyesi, Konak Belediyesi ve Bornova Belediyesi &#8211; belli bir g\u00f6sterge seti do\u011frultusunda izleyerek buna bir \u00f6rnek olu\u015fturmaya \u00e7al\u0131\u015ft\u0131k.<\/span><span style=\"font-weight: 400;\"> Bir yandan da, farkl\u0131 kad\u0131n \u00f6rg\u00fctlerinin de b\u00f6ylesi bir \u00e7al\u0131\u015fma yapmak isterlerse kullanabilmesi i\u00e7in benzer politika belgelerine sahip t\u00fcm belediyelerin yer ald\u0131\u011f\u0131 bir harita, bu t\u00fcrden bir izleme \u00e7al\u0131\u015fmas\u0131 yapmaya dair kaynaklar ve kendi kulland\u0131\u011f\u0131m\u0131z g\u00f6sterge setini sunuyoruz.\u00a0\u00a0\u00a0<\/span>[\/vc_column_text][\/vc_column][\/vc_row]\n","protected":false},"excerpt":{"rendered":"<p>[vc_row type=&#8221;full_width_background&#8221; full_screen_row_position=&#8221;middle&#8221; column_margin=&#8221;default&#8221; column_direction=&#8221;default&#8221; column_direction_tablet=&#8221;default&#8221; column_direction_phone=&#8221;default&#8221; scene_position=&#8221;center&#8221; top_padding=&#8221;4%&#8221; bottom_padding=&#8221;2%&#8221; text_color=&#8221;dark&#8221; text_align=&#8221;left&#8221; row_border_radius=&#8221;none&#8221; row_border_radius_applies=&#8221;bg&#8221; row_position_desktop=&#8221;default&#8221; row_position_tablet=&#8221;inherit&#8221; row_position_phone=&#8221;inherit&#8221; overflow=&#8221;visible&#8221; overlay_strength=&#8221;0.3&#8243; gradient_direction=&#8221;left_to_right&#8221; shape_divider_position=&#8221;bottom&#8221; bg_image_animation=&#8221;none&#8221; gradient_type=&#8221;default&#8221; shape_type=&#8221;&#8221;][vc_column column_padding=&#8221;padding-4-percent&#8221; column_padding_tablet=&#8221;inherit&#8221; column_padding_phone=&#8221;inherit&#8221; column_padding_position=&#8221;bottom&#8221; flex_gap_desktop=&#8221;10px&#8221; column_element_direction_desktop=&#8221;default&#8221;&#8230;<\/p>\n","protected":false},"author":1,"featured_media":0,"parent":0,"menu_order":0,"comment_status":"closed","ping_status":"closed","template":"","meta":{"_acf_changed":false,"footnotes":""},"class_list":["post-1878","page","type-page","status-publish"],"acf":[],"yoast_head":"<!-- This site is optimized with the Yoast SEO plugin v27.0 - https:\/\/yoast.com\/product\/yoast-seo-wordpress\/ -->\n<title>Politika belgelerinin uygulanmas\u0131n\u0131 izlemek neden \u00f6nemli? - Yerelde ILO 190<\/title>\n<meta name=\"robots\" content=\"index, follow, max-snippet:-1, max-image-preview:large, max-video-preview:-1\" \/>\n<link rel=\"canonical\" href=\"https:\/\/cinsiyetesitligipolitikalari.org\/yerelde-ilo-190\/politika-belgelerinin-uygulanmasini-izlemek-neden-onemli\/\" \/>\n<meta property=\"og:locale\" content=\"tr_TR\" \/>\n<meta property=\"og:type\" content=\"article\" \/>\n<meta property=\"og:title\" content=\"Politika belgelerinin uygulanmas\u0131n\u0131 izlemek neden \u00f6nemli? - Yerelde ILO 190\" \/>\n<meta property=\"og:description\" content=\"[vc_row type=&#8221;full_width_background&#8221; full_screen_row_position=&#8221;middle&#8221; column_margin=&#8221;default&#8221; column_direction=&#8221;default&#8221; column_direction_tablet=&#8221;default&#8221; column_direction_phone=&#8221;default&#8221; scene_position=&#8221;center&#8221; top_padding=&#8221;4%&#8221; bottom_padding=&#8221;2%&#8221; text_color=&#8221;dark&#8221; text_align=&#8221;left&#8221; row_border_radius=&#8221;none&#8221; row_border_radius_applies=&#8221;bg&#8221; row_position_desktop=&#8221;default&#8221; row_position_tablet=&#8221;inherit&#8221; row_position_phone=&#8221;inherit&#8221; overflow=&#8221;visible&#8221; overlay_strength=&#8221;0.3&#8243; gradient_direction=&#8221;left_to_right&#8221; shape_divider_position=&#8221;bottom&#8221; bg_image_animation=&#8221;none&#8221; gradient_type=&#8221;default&#8221; shape_type=&#8221;&#8221;][vc_column column_padding=&#8221;padding-4-percent&#8221; column_padding_tablet=&#8221;inherit&#8221; column_padding_phone=&#8221;inherit&#8221; column_padding_position=&#8221;bottom&#8221; flex_gap_desktop=&#8221;10px&#8221; column_element_direction_desktop=&#8221;default&#8221;...\" \/>\n<meta property=\"og:url\" content=\"https:\/\/cinsiyetesitligipolitikalari.org\/yerelde-ilo-190\/politika-belgelerinin-uygulanmasini-izlemek-neden-onemli\/\" \/>\n<meta property=\"og:site_name\" content=\"Yerelde ILO 190\" \/>\n<meta property=\"article:modified_time\" content=\"2025-12-21T08:30:08+00:00\" \/>\n<meta name=\"twitter:card\" content=\"summary_large_image\" \/>\n<meta name=\"twitter:label1\" content=\"Tahmini okuma s\u00fcresi\" \/>\n\t<meta name=\"twitter:data1\" content=\"6 dakika\" \/>\n<script type=\"application\/ld+json\" class=\"yoast-schema-graph\">{\"@context\":\"https:\/\/schema.org\",\"@graph\":[{\"@type\":\"WebPage\",\"@id\":\"https:\/\/cinsiyetesitligipolitikalari.org\/yerelde-ilo-190\/politika-belgelerinin-uygulanmasini-izlemek-neden-onemli\/\",\"url\":\"https:\/\/cinsiyetesitligipolitikalari.org\/yerelde-ilo-190\/politika-belgelerinin-uygulanmasini-izlemek-neden-onemli\/\",\"name\":\"Politika belgelerinin uygulanmas\u0131n\u0131 izlemek neden \u00f6nemli? - Yerelde ILO 190\",\"isPartOf\":{\"@id\":\"https:\/\/cinsiyetesitligipolitikalari.org\/yerelde-ilo-190\/#website\"},\"datePublished\":\"2025-12-21T08:29:46+00:00\",\"dateModified\":\"2025-12-21T08:30:08+00:00\",\"breadcrumb\":{\"@id\":\"https:\/\/cinsiyetesitligipolitikalari.org\/yerelde-ilo-190\/politika-belgelerinin-uygulanmasini-izlemek-neden-onemli\/#breadcrumb\"},\"inLanguage\":\"tr\",\"potentialAction\":[{\"@type\":\"ReadAction\",\"target\":[\"https:\/\/cinsiyetesitligipolitikalari.org\/yerelde-ilo-190\/politika-belgelerinin-uygulanmasini-izlemek-neden-onemli\/\"]}]},{\"@type\":\"BreadcrumbList\",\"@id\":\"https:\/\/cinsiyetesitligipolitikalari.org\/yerelde-ilo-190\/politika-belgelerinin-uygulanmasini-izlemek-neden-onemli\/#breadcrumb\",\"itemListElement\":[{\"@type\":\"ListItem\",\"position\":1,\"name\":\"Anasayfa\",\"item\":\"https:\/\/cinsiyetesitligipolitikalari.org\/yerelde-ilo-190\/\"},{\"@type\":\"ListItem\",\"position\":2,\"name\":\"Politika belgelerinin uygulanmas\u0131n\u0131 izlemek neden \u00f6nemli?\"}]},{\"@type\":\"WebSite\",\"@id\":\"https:\/\/cinsiyetesitligipolitikalari.org\/yerelde-ilo-190\/#website\",\"url\":\"https:\/\/cinsiyetesitligipolitikalari.org\/yerelde-ilo-190\/\",\"name\":\"Yerelde ILO 190 - Cinsiyet E\u015fitli\u011fi Politikalar\u0131 Derne\u011fi\",\"description\":\"\",\"publisher\":{\"@id\":\"https:\/\/cinsiyetesitligipolitikalari.org\/yerelde-ilo-190\/#organization\"},\"potentialAction\":[{\"@type\":\"SearchAction\",\"target\":{\"@type\":\"EntryPoint\",\"urlTemplate\":\"https:\/\/cinsiyetesitligipolitikalari.org\/yerelde-ilo-190\/?s={search_term_string}\"},\"query-input\":{\"@type\":\"PropertyValueSpecification\",\"valueRequired\":true,\"valueName\":\"search_term_string\"}}],\"inLanguage\":\"tr\"},{\"@type\":\"Organization\",\"@id\":\"https:\/\/cinsiyetesitligipolitikalari.org\/yerelde-ilo-190\/#organization\",\"name\":\"Cinsiyet E\u015fitli\u011fi Politikalar\u0131 Derne\u011fi\",\"url\":\"https:\/\/cinsiyetesitligipolitikalari.org\/yerelde-ilo-190\/\",\"logo\":{\"@type\":\"ImageObject\",\"inLanguage\":\"tr\",\"@id\":\"https:\/\/cinsiyetesitligipolitikalari.org\/yerelde-ilo-190\/#\/schema\/logo\/image\/\",\"url\":\"https:\/\/cinsiyetesitligipolitikalari.org\/yerelde-ilo-190\/wp-content\/uploads\/2025\/12\/cepd_logo.svg\",\"contentUrl\":\"https:\/\/cinsiyetesitligipolitikalari.org\/yerelde-ilo-190\/wp-content\/uploads\/2025\/12\/cepd_logo.svg\",\"width\":32,\"height\":32,\"caption\":\"Cinsiyet E\u015fitli\u011fi Politikalar\u0131 Derne\u011fi\"},\"image\":{\"@id\":\"https:\/\/cinsiyetesitligipolitikalari.org\/yerelde-ilo-190\/#\/schema\/logo\/image\/\"}}]}<\/script>\n<!-- \/ Yoast SEO plugin. -->","yoast_head_json":{"title":"Politika belgelerinin uygulanmas\u0131n\u0131 izlemek neden \u00f6nemli? - Yerelde ILO 190","robots":{"index":"index","follow":"follow","max-snippet":"max-snippet:-1","max-image-preview":"max-image-preview:large","max-video-preview":"max-video-preview:-1"},"canonical":"https:\/\/cinsiyetesitligipolitikalari.org\/yerelde-ilo-190\/politika-belgelerinin-uygulanmasini-izlemek-neden-onemli\/","og_locale":"tr_TR","og_type":"article","og_title":"Politika belgelerinin uygulanmas\u0131n\u0131 izlemek neden \u00f6nemli? - Yerelde ILO 190","og_description":"[vc_row type=&#8221;full_width_background&#8221; full_screen_row_position=&#8221;middle&#8221; column_margin=&#8221;default&#8221; column_direction=&#8221;default&#8221; column_direction_tablet=&#8221;default&#8221; column_direction_phone=&#8221;default&#8221; scene_position=&#8221;center&#8221; top_padding=&#8221;4%&#8221; bottom_padding=&#8221;2%&#8221; text_color=&#8221;dark&#8221; text_align=&#8221;left&#8221; row_border_radius=&#8221;none&#8221; row_border_radius_applies=&#8221;bg&#8221; row_position_desktop=&#8221;default&#8221; row_position_tablet=&#8221;inherit&#8221; row_position_phone=&#8221;inherit&#8221; overflow=&#8221;visible&#8221; overlay_strength=&#8221;0.3&#8243; gradient_direction=&#8221;left_to_right&#8221; shape_divider_position=&#8221;bottom&#8221; bg_image_animation=&#8221;none&#8221; gradient_type=&#8221;default&#8221; shape_type=&#8221;&#8221;][vc_column column_padding=&#8221;padding-4-percent&#8221; column_padding_tablet=&#8221;inherit&#8221; column_padding_phone=&#8221;inherit&#8221; column_padding_position=&#8221;bottom&#8221; flex_gap_desktop=&#8221;10px&#8221; column_element_direction_desktop=&#8221;default&#8221;...","og_url":"https:\/\/cinsiyetesitligipolitikalari.org\/yerelde-ilo-190\/politika-belgelerinin-uygulanmasini-izlemek-neden-onemli\/","og_site_name":"Yerelde ILO 190","article_modified_time":"2025-12-21T08:30:08+00:00","twitter_card":"summary_large_image","twitter_misc":{"Tahmini okuma s\u00fcresi":"6 dakika"},"schema":{"@context":"https:\/\/schema.org","@graph":[{"@type":"WebPage","@id":"https:\/\/cinsiyetesitligipolitikalari.org\/yerelde-ilo-190\/politika-belgelerinin-uygulanmasini-izlemek-neden-onemli\/","url":"https:\/\/cinsiyetesitligipolitikalari.org\/yerelde-ilo-190\/politika-belgelerinin-uygulanmasini-izlemek-neden-onemli\/","name":"Politika belgelerinin uygulanmas\u0131n\u0131 izlemek neden \u00f6nemli? - Yerelde ILO 190","isPartOf":{"@id":"https:\/\/cinsiyetesitligipolitikalari.org\/yerelde-ilo-190\/#website"},"datePublished":"2025-12-21T08:29:46+00:00","dateModified":"2025-12-21T08:30:08+00:00","breadcrumb":{"@id":"https:\/\/cinsiyetesitligipolitikalari.org\/yerelde-ilo-190\/politika-belgelerinin-uygulanmasini-izlemek-neden-onemli\/#breadcrumb"},"inLanguage":"tr","potentialAction":[{"@type":"ReadAction","target":["https:\/\/cinsiyetesitligipolitikalari.org\/yerelde-ilo-190\/politika-belgelerinin-uygulanmasini-izlemek-neden-onemli\/"]}]},{"@type":"BreadcrumbList","@id":"https:\/\/cinsiyetesitligipolitikalari.org\/yerelde-ilo-190\/politika-belgelerinin-uygulanmasini-izlemek-neden-onemli\/#breadcrumb","itemListElement":[{"@type":"ListItem","position":1,"name":"Anasayfa","item":"https:\/\/cinsiyetesitligipolitikalari.org\/yerelde-ilo-190\/"},{"@type":"ListItem","position":2,"name":"Politika belgelerinin uygulanmas\u0131n\u0131 izlemek neden \u00f6nemli?"}]},{"@type":"WebSite","@id":"https:\/\/cinsiyetesitligipolitikalari.org\/yerelde-ilo-190\/#website","url":"https:\/\/cinsiyetesitligipolitikalari.org\/yerelde-ilo-190\/","name":"Yerelde ILO 190 - Cinsiyet E\u015fitli\u011fi Politikalar\u0131 Derne\u011fi","description":"","publisher":{"@id":"https:\/\/cinsiyetesitligipolitikalari.org\/yerelde-ilo-190\/#organization"},"potentialAction":[{"@type":"SearchAction","target":{"@type":"EntryPoint","urlTemplate":"https:\/\/cinsiyetesitligipolitikalari.org\/yerelde-ilo-190\/?s={search_term_string}"},"query-input":{"@type":"PropertyValueSpecification","valueRequired":true,"valueName":"search_term_string"}}],"inLanguage":"tr"},{"@type":"Organization","@id":"https:\/\/cinsiyetesitligipolitikalari.org\/yerelde-ilo-190\/#organization","name":"Cinsiyet E\u015fitli\u011fi Politikalar\u0131 Derne\u011fi","url":"https:\/\/cinsiyetesitligipolitikalari.org\/yerelde-ilo-190\/","logo":{"@type":"ImageObject","inLanguage":"tr","@id":"https:\/\/cinsiyetesitligipolitikalari.org\/yerelde-ilo-190\/#\/schema\/logo\/image\/","url":"https:\/\/cinsiyetesitligipolitikalari.org\/yerelde-ilo-190\/wp-content\/uploads\/2025\/12\/cepd_logo.svg","contentUrl":"https:\/\/cinsiyetesitligipolitikalari.org\/yerelde-ilo-190\/wp-content\/uploads\/2025\/12\/cepd_logo.svg","width":32,"height":32,"caption":"Cinsiyet E\u015fitli\u011fi Politikalar\u0131 Derne\u011fi"},"image":{"@id":"https:\/\/cinsiyetesitligipolitikalari.org\/yerelde-ilo-190\/#\/schema\/logo\/image\/"}}]}},"_links":{"self":[{"href":"https:\/\/cinsiyetesitligipolitikalari.org\/yerelde-ilo-190\/wp-json\/wp\/v2\/pages\/1878","targetHints":{"allow":["GET"]}}],"collection":[{"href":"https:\/\/cinsiyetesitligipolitikalari.org\/yerelde-ilo-190\/wp-json\/wp\/v2\/pages"}],"about":[{"href":"https:\/\/cinsiyetesitligipolitikalari.org\/yerelde-ilo-190\/wp-json\/wp\/v2\/types\/page"}],"author":[{"embeddable":true,"href":"https:\/\/cinsiyetesitligipolitikalari.org\/yerelde-ilo-190\/wp-json\/wp\/v2\/users\/1"}],"replies":[{"embeddable":true,"href":"https:\/\/cinsiyetesitligipolitikalari.org\/yerelde-ilo-190\/wp-json\/wp\/v2\/comments?post=1878"}],"version-history":[{"count":2,"href":"https:\/\/cinsiyetesitligipolitikalari.org\/yerelde-ilo-190\/wp-json\/wp\/v2\/pages\/1878\/revisions"}],"predecessor-version":[{"id":1880,"href":"https:\/\/cinsiyetesitligipolitikalari.org\/yerelde-ilo-190\/wp-json\/wp\/v2\/pages\/1878\/revisions\/1880"}],"wp:attachment":[{"href":"https:\/\/cinsiyetesitligipolitikalari.org\/yerelde-ilo-190\/wp-json\/wp\/v2\/media?parent=1878"}],"curies":[{"name":"wp","href":"https:\/\/api.w.org\/{rel}","templated":true}]}}